se 2*g = 4*j + 14, -2*g - 15 = -6*g - 5*j. Let z(h) = -h**3 + 5*h**2 - 3*h. Let m be z(4). Suppose -m*a = -3*a - g. List the prime factors of a.
5
Let h(n) = 212*n**3 + 2*n**2 + 3*n + 2. Let r be h(-1). Let i = -147 - r. Suppose 0*k - 4*k = -i. What are the prime factors of k?
2
Let w(k) be the second derivative of -k**5/20 - 2*k**4/3 + 2*k**2 - 5*k. Let a be w(-8). Suppose -a*o = -3*o - 33. List the prime factors of o.
3, 11
Suppose 15*c = 13*c - 3*a + 1418, -3*a = 6. List the prime factors of c.
2, 89
Suppose 4*r - 4656 = 15*o - 13*o, 0 = -r + 2*o + 1167. List the prime factors of r.
1163
Let y = -2 + 4. Let b be ((-2)/4)/(y/(-12)). Suppose -b*o - 2*t + 24 = t, -5*t = -4*o - 13. What are the prime factors of o?
3
Let a(x) = x + 6. Let z be a(6). Suppose z*t = 5*t + 637. List the prime factors of t.
7, 13
Let b(n) = -n**3 - 6*n**2 + 2. Let r be b(-6). Let t(v) = 0*v**3 - 7 - r*v**2 - 7*v + 2*v**3 - 6*v**3 + 2*v**3. What are the prime factors of t(-3)?
2, 5
Let h be (-3 - -2)*(-4)/2. Suppose -c = -h*x + 9, -4*c = 4*x - 2*x - 14. List the prime factors of 1/x + (-468)/(-10).
47
Suppose -v - 178 = -3*v - 5*k, 0 = 2*v - 4*k - 196. What are the prime factors of v?
2, 47
Let u(r) = 3*r + 4. Let q(k) = -k + 1. Suppose 2*f = o + 7, 2*f + 3*o + 18 = -o. Let w(g) = f*q(g) + u(g). What are the prime factors of w(0)?
5
Let d(a) = 6*a**2 - 3*a - 9. Suppose 4*k = -27 + 7. Let u be d(k). Suppose u - 30 = 3*y. What are the prime factors of y?
2, 3, 7
Let j(d) = 2*d + 37. Let v(p) = -15*p + 1. Let n be v(-1). Suppose -3*u - 7 = -w + 5, 4*w = -4*u - n. List the prime factors of j(w).
37
Let u(q) = -3*q + 52. Suppose 3*w - 2*c + 45 = 0, -w = c - 2*c + 15. List the prime factors of u(w).
97
Suppose -4*u + 2*a = -46, -3*a = 2*a + 15. Let v(i) = -3*i**3 - 2*i**2 - i. Let n be v(-2). Let h = u + n. What are the prime factors of h?
2, 7
Let c(o) be the first derivative of o**2 + 15*o - 45. Suppose 53 = 3*d + 14. What are the prime factors of c(d)?
41
Let f(g) = -14*g + 10. Let k be f(-5). Let j be (-3)/(5/(k/(-12))). Suppose 2*r + 16 = 4*b, j*b - 20 = -0*b + 3*r. What are the prime factors of b?
2
Let y = 10 + -14. Let l = y - -2. Let p(t) = 8*t**2 + t - 1. What are the prime factors of p(l)?
29
Suppose -5*m + 27*c + 21307 = 28*c, 2*c = 4. List the prime factors of m.
4261
Let p = -43 - -393. Suppose -2*u + 2*m = -7*u + 355, 5*u + 3*m - p = 0. List the prime factors of u.
73
Let s(r) = 14*r - 4. Let d(n) = 4*n - 1. Let b(h) = -22*d(h) + 6*s(h). List the prime factors of b(-7).
2, 13
Let a(m) = 157*m**2 - 4*m - 7. Let d be a(-2). Suppose -4*q + 264 = f, 4*f = -2*q + 1741 - d. List the prime factors of f.
2, 5, 7
Suppose y - 6 = -0*y. Suppose -5*c + 21 = y. Suppose d = -c*d + 72. What are the prime factors of d?
2, 3
Let p = -535 - -986. What are the prime factors of p?
11, 41
Suppose 2*d + 4*w - 1485 = 181, -3*w - 9 = 0. List the prime factors of d.
839
What are the prime factors of (78/4 - -3)/(31/1674)?
3, 5
Suppose -86 = 4*s - j, 2*j = 2 + 2. Let p = 52 + s. What are the prime factors of p?
31
Let o = -48 + 51. Suppose 4 + 74 = o*v. List the prime factors of v.
2, 13
Let x(u) = -u**3 - 8*u**2 + 2*u + 12. Let q be x(-8). Let s be 83 + (1 - q/(-2)). What are the prime factors of s/3 + (-18)/54?
3
Let k(r) = -152*r - 189. List the prime factors of k(-10).
11
Let h be 0*(-4)/(14 + 2). Suppose -2*a - 17 = -k, -6 = -3*a - h*a. Suppose w - 5*l - 28 = 0, -4*w + k = -l - 34. What are the prime factors of w?
13
Let k = -2 + 5. Suppose 0 = -f - 4, -36 = -a - 7*f + k*f. Suppose 2*l + 0*l = 5*b + a, 5*l + 2*b = 72. What are the prime factors of l?
2
Let m(p) = 0*p - p + 2*p + 8*p - 6. List the prime factors of m(4).
2, 3, 5
Let l be (-87 - 0/4) + 1. Let q = l - -127. What are the prime factors of q?
41
Suppose -3*v + 3*y + 9 = 0, 4*v + 6 - 20 = 3*y. Suppose v*s - 258 + 28 = 0. List the prime factors of s.
2, 23
Suppose 5*b + 252 - 697 = 0. Suppose 0 = 3*i - 0 + 69. What are the prime factors of 3/(4 + b/i)?
23
Suppose 7*f - 5*f + 10 = 0. Let o be (-8)/f*280/8. What are the prime factors of (-3)/2*o/(-7)?
2, 3
Let w be 4/((3/4)/3). Suppose -2*z + 5*i - 27 = 0, -12 = 4*z - 0*z + 4*i. What are the prime factors of w/z*(-4 + -2)?
2
Let u = 980 - 495. List the prime factors of u.
5, 97
Suppose -4*x + 324 = r, 0*x + 2*x - 3*r = 148. Suppose 960 = -x*t + 84*t. List the prime factors of t.
2, 3, 5
Let g be 7 + (-2 - -4) + -3 + -1. List the prime factors of (-310)/(-8)*(-1 + g).
5, 31
Let n(q) = 12*q**2 + 7*q + 12. Suppose -9*g + 12 = -13*g. What are the prime factors of n(g)?
3, 11
Let z be (-2 - -2)*(-1)/(-2). Suppose z*y = 3*y - 30. Suppose 5*g - 2*g - i = 64, -5*i = -y. List the prime factors of g.
2, 11
Suppose 4 = 2*u - 4. Let g be (-1638)/(-45) - u/10. Let j = g - 29. List the prime factors of j.
7
Let x(f) = 29*f**2 - 5*f + 18. What are the prime factors of x(6)?
2, 3, 43
Let t = -383 + 204. Let k = t - -306. List the prime factors of k.
127
Let f(v) be the first derivative of -13*v - 17/2*v**2 - 1/3*v**3 + 8. List the prime factors of f(-13).
3, 13
Let c(f) = -394*f. Let t be c(1). Let b be t/(-3) - (-7)/(-21). Suppose -5*h + 60 + 1 = 2*v, -4*v = h - b. List the prime factors of v.
3, 11
Let f(x) = x**3 - 5*x**2 + x - 1. Let n be f(5). Suppose y = 3, -2*j + 3*y = n*y - 93. Let s = j - 23. List the prime factors of s.
2, 11
List the prime factors of 3 - ((-7 - -11) + -472).
3, 157
Let s = 132 + -127. What are the prime factors of s?
5
Suppose 10*s + 867 = 9177. List the prime factors of s.
3, 277
Let f = 7694 + -4434. List the prime factors of f.
2, 5, 163
Let u be ((-445)/(-10))/((-3)/(-6)). Suppose 2*a - u = 27. What are the prime factors of a?
2, 29
Suppose -2*u + 5*h - 10*h = -3133, -h = 3*u - 4732. List the prime factors of u.
1579
Let y(x) = -226*x + 351. What are the prime factors of y(-13)?
11, 13, 23
Suppose -5*g + 17 = 2. Suppose 5*h - 2*z = 35, -2*h + 4*z + 15 = -g*h. Suppose 2*r - 3*r - 16 = -s, -h*r = -s + 28. What are the prime factors of s?
13
Let p(m) = -9 + 5*m + 12*m + 3*m + m**2 - 16. Let a be p(-17). Let c = a - -110. List the prime factors of c.
2, 17
Let v = 841 - 416. What are the prime factors of v?
5, 17
Let d(l) = 54*l + 26. Let y(n) = 108*n + 52. Let h(t) = -5*d(t) + 3*y(t). List the prime factors of h(4).
2, 11
Let y(a) = 3*a + 25. Let p(o) = 4*o + 26. Let t(n) = 4*n + 26. Let f(l) = 5*p(l) - 4*t(l). Let d(w) = -4*f(w) + 5*y(w). List the prime factors of d(9).
2, 3
Suppose 20*z - 617 - 1103 = 0. What are the prime factors of z?
2, 43
Let r(n) = 15*n + 45. Let v be r(5). Let h = -102 + v. List the prime factors of h.
2, 3
Suppose -3*a + 4*a = 5. Suppose -2*x + 132 = x. Let n = x - a. List the prime factors of n.
3, 13
Suppose -f + 16 = -91. Suppose -h + 12 = -4*i + f, -2*h = -5*i + 118. Suppose -i*o = -20*o - 132. What are the prime factors of o?
3, 11
Suppose -2*t - 120 = -6*t. Let w = t - -5. List the prime factors of w.
5, 7
Suppose f + 597 = -5*y, 3*y = 3*f - 29 - 340. What are the prime factors of (y/100)/((-4)/30)?
3
Let c = -64 + 69. Suppose -c*a + 76 = 2*b - 101, 3*b - 2*a = 294. List the prime factors of b.
2, 3
Let b be (3 - 1)*21/14. Let r be 1/((3/12)/1). Suppose l - 2*p - r = 18, 2*l - 41 = b*p. List the prime factors of l.
2
Let t be -2*1 - (5 - 6). What are the prime factors of -1*t/(-2)*-232?
2, 29
What are the prime factors of 1/18*30327 + (-2)/(-12)?
5, 337
Suppose -3*r + 29 = q, 6*r - 4*q - 71 = r. Let u = r - 4. What are the prime factors of u?
7
Suppose 0 = -4*a - 4*o + 1104, -a - 8*o + 3*o + 260 = 0. List the prime factors of a.
2, 5, 7
Let i = -9 + 13. Suppose i*w = 9*w - 25. Suppose 20 = y + 3*y, 0 = -w*u + y + 145. List the prime factors of u.
2, 3, 5
Suppose 5*c = -2*j + 4153, -8*c + 3321 = -4*c + 3*j. List the prime factors of c.
3, 277
Suppose -4*m - 5731 = -9*m - 3*q, 0 = 5*q - 10. List the prime factors of m.
5, 229
Suppose 0 = -4*m + 20, -5*m + 0*m + 345 = 2*f. List the prime factors of (f/(-60))/((-2)/174).
2, 29
Suppose 17*w - 13*w - 592 = 0. Suppose -w + 8 = -5*f + 3*j, f + 4*j = 28. List the prime factors of f.
2, 7
Let i be (16 - 0)*(9 - 5). Suppose -2*n = -4*g + i, -2*g + 26 = 2*n - 6*n. Let a = g - 5. List the prime factors of a.
2, 3
What are the prime factors of -2*(-3 - 3055/20*2)?
617
Let n be (4 - 2)*(32